Let s = 10 + -4. Let j be w(s). Calculate a(j).
-6
Suppose 2*s = -0*s + 10. Let u be (2/3)/(2/9). Let g(p) = 5 - p**u + 0*p**2 + 6*p**2 - 5 - 6*p - 3. Determine g(s).
-8
Suppose 6 = -y - 0. Let l(z) = -5*z**3 + 3*z**2 - 7*z + 3. Let n(h) = -11*h**3 + 6*h**2 - 15*h + 6. Let p(s) = y*n(s) + 13*l(s). Give p(-4).
-9
Let s(v) = v**3 - 2*v**2 + 2*v + 1. Suppose -3*h + 5*u = 19, -3*u + 7 = -3*h - 2. What is s(h)?
5
Let b(r) = -143*r - 17. Let d(q) = 65*q + 8. Let w(u) = 6*b(u) + 13*d(u). Determine w(-1).
15
Let m(n) = -3*n - 11. Let c be m(-5). Let w(j) = 2 - c + 8 + 2 - j. What is w(4)?
4
Let y(i) = -i**3 + 9*i**2 - 4*i - 30. Let l be y(8). Let h be 28/14*l/4. Let m(s) be the third derivative of 3*s**4/8 + 3*s**2. Calculate m(h).
9
Let w(q) be the second derivative of q**3/6 + 5*q**2/2 - 1463*q. Let d be (2*-1)/(-6)*0. Calculate w(d).
5
Let d(z) = -z**2 - 6*z - 7. Let h = -2 - 2. Let j(m) = m - 1. Let y be j(h). Determine d(y).
-2
Let x(f) = -f**3 - 5*f**2 + 36*f + 95. Let m be x(-8). Suppose 0*i + 18 = 3*i. Let k(n) = i*n - 3*n + 1 + 0*n. Calculate k(m).
-2
Let g be 2/(2/(-48)*2). Suppose -5*t = 4*s + 51, -5*s + 4*t = 2*t + 105. Let n = g - s. Let f(q) = -q + 2. Calculate f(n).
7
Let i(w) = -4*w**2 + 7*w. Let l(h) = 5*h**2 + 3 - 1 - 3 - 8*h. Let z(g) = 4*i(g) + 3*l(g). Let x be 9/(-6)*5/(-6)*4. What is z(x)?
-8
Let s = 13 + -7. Let l(o) be the first derivative of -3*o**2/2 + 9*o + 67. Calculate l(s).
-9
Let w(d) be the third derivative of -d**4/12 + 4*d**3/3 - 694*d**2. Determine w(6).
-4
Let n(k) = -9*k**3 + k**2. Let x be n(-1). Let f(d) = -d - 5*d**2 + 4*d**2 + 4 + x*d - 2*d. Calculate f(7).
4
Let q be 1 + -3 + -2 + 8. Suppose -p - 3*p = q. Let y(o) be the second derivative of -o**5/10 + o**4/6 + o**3/3 + o**2/2 + o. What is y(p)?
3
Let v(g) = g**3 + 4*g**2 - 4*g + 7. Let m(b) be the first derivative of -2*b**2 + 3*b + 14. Let r be m(2). Calculate v(r).
2
Let w(v) = -2*v**3 + 2*v**2 + v. Suppose 10*i - 11*i - 3*h + 11 = 0, 4*i + 4*h = 12. Determine w(i).
3
Suppose -2*g - 25 = -1. Let h be 3 + 33/g - (-11)/4. Let b(d) = -4*d**2 + 6*d + 1. Let x(w) = 5*w**2 - 7*w - 2. Let z(m) = 4*b(m) + 3*x(m). Determine z(h).
-2
Suppose 0 = -3*u - 3, -27 = -3*s + 3*u + 36. Let y(n) = -n**3 + 21*n**2 - 18*n - 45. Calculate y(s).
-5
Suppose -15*h + 9*h + 168 = 0. Suppose -f = -h + 34. Let y(d) = -d**2 - 8*d - 7. Determine y(f).
5
Let v(y) be the first derivative of 13*y + 2*y**2 + 4 - y**2 - 7*y. Let k = -4 + -1. Calculate v(k).
-4
Let m(v) be the second derivative of v**5/20 + v**4/4 - 5*v**3/6 - v**2 + 246*v. Determine m(-4).
2
Let y(t) = t + 5. Suppose 3*j + 3*v = 30, 68*j + 5*v + 20 = 73*j. Give y(j).
12
Let a = -29 + 35. Suppose 2*s = a + 6. Let w(h) = -h**3 + 7*h**2 - 7*h + 6. Give w(s).
0
Let i(r) = 5*r. Let s(x) = 4*x + 1. Let m(w) = -6*i(w) + 7*s(w). Suppose 5*d - 25 = -7*j + 4*j, j = 2*d + 1. Calculate m(j).
-3
Suppose 2*o - 30 = -2*r, -3*r - o + 10 + 31 = 0. Let d(w) = w**3 - 13*w**2 + w - 11. Let j be d(r). Let m(q) = -3*q**j + 8 - 3 - 3 - 1. Calculate m(-1).
-2
Let f be 9 + -4 + (-45)/10. Let i(g) be the first derivative of -6 + g + f*g**2. Determine i(-7).
-6
Suppose -v - 2*v - 9 = 0. Let l(f) = f**3 - 4*f**2 - 10*f - 10. Let i be l(6). Let g(t) = 3*t - 2*t**2 + 4*t**2 + t + 0*t**i. Give g(v).
6
Let m(y) = 22*y**2 + 8*y - 38. Let j(o) = -73*o**2 - 24*o + 113. Let n(l) = 3*j(l) + 10*m(l). Give n(-11).
-8
Let z(g) = 3*g**2 - g + 1. Let a(x) = -x**3 + 7*x**2 - 15*x + 55. Let f be a(6). Determine z(f).
3
Let n(u) = u - 3. Let r(g) be the first derivative of 3*g**2/2 - 6*g + 9. Let m(x) = -5*n(x) + 2*r(x). What is m(-5)?
-2
Let a = -4 + 4. Suppose o + 0*i = -2*i + 8, a = -3*o - 5*i + 22. Let n(j) = j + 2. Calculate n(o).
6
Let g(f) be the first derivative of f**5/20 - f**4/6 - 5*f**3/6 - f**2 + 15*f - 48. Let p(v) be the first derivative of g(v). What is p(4)?
10
Let d(i) be the third derivative of -11*i**2 + 0*i + 0 + 1/24*i**4 + 2/3*i**3. What is d(4)?
8
Let o be ((-24)/(-14))/((-74)/(-259)). Let x(m) = -4*m + 12. Determine x(o).
-12
Let n = -1029 + 1036. Let f(v) = v**3 - 8*v**2 + 8*v - 11. What is f(n)?
-4
Suppose -2 = 5*p - 12. Let n(d) be the third derivative of d**4/12 + d**3/6 - 220*d**2. Give n(p).
5
Let m(x) = x**3 - 4*x**2 - 5*x + 18. Let s be m(4). Let g(l) = -l**2 + 3*l + 5. Give g(s).
-5
Let o(q) be the first derivative of -q**4/4 + 4*q**3/3 - q**2 - 2*q - 247. Let r = 9 + -6. Calculate o(r).
1
Let c(x) = -3*x**2 - x + 10*x + 0*x. Let k(b) = 8*b**2 - 26*b. Let j(y) = 11*c(y) + 4*k(y). Let q = -96 + 92. Give j(q).
4
Let u(f) = -5*f + 2. Suppose -3*j = -j - 2. Determine u(j).
-3
Let g(v) be the third derivative of v**4/3 - v**3/6 - 318*v**2 - 1. What is g(1)?
7
Let p(f) = 4*f**3 - 7*f + 6. Let n(t) = 3*t**3 - t**2 - 4*t + 5. Let m(d) = -3*n(d) + 2*p(d). Let v = 7 + -4. Determine m(v).
-9
Let a(x) = -x**2 - 13*x - 8. Let k = -2089 + 2081. Calculate a(k).
32
Let u(j) be the first derivative of j**4/4 + j**3 + j**2/2 + j - 205. Let z be 55/22*4/(-5). Calculate u(z).
3
Let k be (-10)/45*(-3 - 6). Let t be (-180)/(-27) - k/3. Suppose 0 = 4*v - 0*v, v = 3*s - t. Let f(r) = -r**3 + 2*r**2 + 2*r - 1. What is f(s)?
3
Suppose 13*m - 45 = -97. Let v(u) be the first derivative of u**5/60 + 7*u**4/24 - 5*u**3/6 + u**2 - 2. Let o(d) be the second derivative of v(d). What is o(m)?
-17
Let f(a) = -13 + 41*a**2 - 22*a**2 + 8 + 4 - 18*a**2. Give f(2).
3
Let v(z) = 11*z**2 - z + 1. Let j = -1 - -5. Let w = 290 + -285. Suppose w*h = -j*a + 1, 2*a - 1 = h - 4. Give v(h).
11
Let l(c) be the third derivative of -5/6*c**3 + 0 + 0*c + 5/24*c**4 - 24*c**2 - 1/60*c**5. Give l(4).
-1
Let g(z) = 3*z**3 - 5*z**2 - 13*z - 5. Let x(o) = o**3 + o**2 - o + 1. Let r(j) = -g(j) + 4*x(j). Suppose -8*i - 52 = -3*i - 4*b, -28 = 2*i - 4*b. What is r(i)?
1
Let n(j) be the third derivative of 0*j + 1/3*j**3 - 1/120*j**6 + 0 + 18*j**2 - 1/12*j**5 + 5/24*j**4. Give n(-6).
8
Let k(c) = 2*c - 10. Let o(r) = r**2 - 11*r + 2. Let s be o(11). Suppose -2*d = 4*x - 0*d - 30, -10 = -s*x + 4*d. Calculate k(x).
4
Let a be (-5)/((-15)/12) + -2. Let f(h) = -1 + a*h**2 - 18*h + 32*h - 14*h. Determine f(2).
7
Let u(r) be the second derivative of r**5/60 - r**4/3 - 5*r**3/6 + 13*r**2 + 10*r. Let v(g) be the first derivative of u(g). Determine v(8).
-5
Let c(i) = -i + 6. Let j(f) = 9*f + 10. Let g be j(-5). Let r = g - -35. Calculate c(r).
6
Suppose -2*b + 3*q = 9, 7 + 19 = -5*b + 4*q. Let s(m) = 684 + 684 - 2054 - 4*m + 677. Determine s(b).
15
Let w(c) = -c**3 + 5*c**2 + 2*c - 3. Let b be (2/4)/((-3)/(-6) + 0). Let a be 1/(2*2/24) - b. Determine w(a).
7
Let n(u) = -u**2 + 12*u - 26. Let h be (-80)/12*18/(-15). What is n(h)?
6
Let w(g) = 2*g - 8. Suppose -36 = 4*j - 3*j. Let x = j + 62. Suppose -3*v + 0*a - 4*a + 10 = 0, -5*v + x = 2*a. Determine w(v).
4
Let z(o) = -o**2 + 44*o + 23. Let m(p) = -15*p - 8. Let r(q) = -8*m(q) - 3*z(q). Give r(5).
10
Let z(q) = -q + 11. Suppose 0 = 2*b - 14 - 0. Let y be z(b). Let h(i) = i**3 - 6*i - y*i**2 - i**2 + 6 - 4. Determine h(6).
2
Let z be (-3)/(-4) + 2/8. Suppose 3*w + m - 26 = 3*m, 3*m - 12 = -4*w. Let d(t) = 2*t**2 + 0*t + t + 1 - w*t**2 - 3*t. Calculate d(z).
-5
Let y(g) = g**2 + 3*g - 4. Let t be y(1). Suppose -m + 17 - 12 = t. Let i(o) = -o + 1. Determine i(m).
-4
Suppose 146 - 146 = 11*v. Let g(x) = x**2 - 2*x. What is g(v)?
0
Let z(v) = -v**2 - 3*v + 4. Let k = -8 + -5. Let r(f) = 5*f + 10. Let o be r(-4). Let c = k - o. Give z(c).
4
Suppose -3*m = 2*c + 3, c = 2*m - 2*c - 11. Let z(h) = -12*h. Give z(m).
-12
Let c(t) = 6*t - 481 + 481 + t**2. Let g(w) = -w**2 + 3*w + 6. Let y be g(5). Calculate c(y).
-8
Let b be (845/(-140) - -6)/((-18)/21). Let m(a) be the third derivative of -b*a**4 + 0 + 0*a + 2/3*a**3 + 5*a**2. Give m(5).
-1
Suppose 23 = -4*q - 73. Let d = -19 - q. Let a(r) = 3*r - r - 3*r + d + 2*r. Determine a(-7).
-2
Let t be 37/(-13) - 52/338. Let q(y) = 7 - y + 5*y + 1. Let z be q(t). Let f(b) = -b - 1. Calculate f(z).
3
Let p(n) = n**2 + 8*n - 2. Let k be ((416/20)/(-13))/((-2)/(-10)). Calculate p(k).
-2
Let a(x) = x - 38. Let j = 1195 + -1184. What is a(j)?
-27
Let m(q) = 2*q**3 + 7*q**2 - 8*q - 3. Let w be m(-4). Let v(j) be the first derivative of -j**3/3 + 15*j**2/2 - 19*j + 24. Give v(w).
7
Let c(z) = -z**3 - 3*z**2 + 5*z + 3. Suppos